. What is the units digit of w?
3
What is the tens digit of (-27)/(-18)*(-64)/(-6)?
1
Let i(z) = -z + 2. Let h(x) = x - 1. Let d(r) = -3*h(r) - 2*i(r). Let g(q) = 2*q - 7. Let c(k) = 4*d(k) + g(k). What is the units digit of c(-8)?
5
Let s = -14 - -17. What is the tens digit of 10 + (5 + -2 - s)?
1
Suppose 5*o = 6*o - 8. Let t = -58 + 78. Suppose 4*f = t - o, -18 = -u - f. What is the tens digit of u?
1
Let v(p) = p**2 - 3*p - 3. Suppose -4 = -4*o + 4. Let w be 1*(3 - (-4 + o)). What is the units digit of v(w)?
7
Let z(w) = 2*w**3 + 11*w**2 + w + 5. What is the tens digit of z(-5)?
2
Suppose -f = -3*x + 4*x - 8, -4*f - x + 47 = 0. What is the tens digit of f?
1
Suppose 18*r = 17*r + 32. What is the units digit of r?
2
Suppose 5*f + 10 = 60. What is the units digit of 3 + (f - (0 - -3))?
0
Let z = 20 + -13. Suppose 0 = 4*v - 4*m - 156, -3*v - 165 = -z*v + m. What is the tens digit of v?
4
Suppose 2*j - 3*j + 171 = p, 4*j + 873 = 5*p. What is the tens digit of p?
7
Let c(f) = -f**3 + 3*f**2 - 2*f + 2. Let r be c(3). What is the units digit of (r + -1)*12/(-30)?
2
Let x = 99 + -37. What is the tens digit of x?
6
Let b(m) = m. Let d be b(3). Let o be 10/(-1)*d/(-6). Let k(y) = -y**2 + 6*y + 4. What is the units digit of k(o)?
9
Suppose -6*m + 490 = -578. What is the hundreds digit of m?
1
Suppose 5*t - 2*w = 159, 3*t - 79 - 16 = w. What is the tens digit of t?
3
Suppose -i = 4*i + 5*b - 405, -4*i + 5*b + 360 = 0. What is the tens digit of i?
8
Suppose 5*n + 10 = v + n, -4*v + 40 = 3*n. Suppose -4 = -o + 3*i, 0 = o + 4*i - 4. Suppose 0 = w + o*w - v. What is the units digit of w?
2
Let p(y) = y**2 + 2*y + 2. Let i be p(0). Suppose -i*g - g = -96. What is the units digit of g?
2
Let r = -30 - -73. Suppose 0 = 5*n - 17 - r. What is the tens digit of n?
1
Let c = -26 - -42. What is the units digit of c?
6
Suppose 15 = 7*f - 4*f. Suppose 0 = f*z - 72 - 8. Suppose 3*j + j = z. What is the units digit of j?
4
Let g be -17*-1*(-2)/(-2). What is the tens digit of 11/11*g*1?
1
Suppose 4*q + 3 = -5*o - 4, 5*q - 2*o = -17. Let g be 10/3 - 1/3. Let p = g - q. What is the units digit of p?
6
Let j(a) = a**2 + 10. What is the units digit of j(-7)?
9
What is the units digit of (1 + 4)*(-438)/(-15)?
6
Let f = -210 - -215. What is the units digit of f?
5
Let c(l) = l**3 + 4*l**2 - 3*l. Let m(x) = x**3 - x**2 + 1. Let g(w) = c(w) + 3*m(w). What is the units digit of g(2)?
3
Let v be (216/(-20))/(1/(-10)). Suppose -4*k + 0*k + v = 0. What is the tens digit of k?
2
Let s(o) = 3*o**2 - 1. Let i(w) = -2*w - 5. Let v be i(-3). What is the units digit of s(v)?
2
Suppose 0 = 3*x + 2*h - 110, 2*x - 3*x = h - 37. What is the units digit of x?
6
Let g(j) = 25*j + 2. What is the tens digit of g(1)?
2
Let d(w) = 11*w**2 + w - 4. What is the tens digit of d(-2)?
3
Suppose -4 = -u, 0*t + 73 = t + 4*u. Suppose 18 = 5*n - t. What is the tens digit of n?
1
Let p be (-2 - 0) + 0 + 2. Suppose -r + 1 + 18 = p. What is the units digit of r?
9
Let s(p) = -p**3 + 10*p**2 - 5*p - 11. Let b = 32 - 23. What is the units digit of s(b)?
5
Let c(u) = -11*u**3 + 2*u + 1. Let q be c(-1). Let w be 2/8 - (-36)/(-16). Let n = q + w. What is the units digit of n?
8
Let a = 9 + -2. Let b be a*(-1)/(-3)*9. What is the tens digit of -3 + b + (2 - 5)?
1
Let m(r) be the second derivative of 3*r**4/8 - r**3/6 - r**2 - 2*r. Let u(p) be the first derivative of m(p). What is the units digit of u(1)?
8
Suppose 3*s - 83 = -c, 0 = -3*s + 15 - 3. What is the units digit of c?
1
Let f = 15 - 11. Let i be (-63)/(3/3*1). What is the units digit of i/6*f/(-3)?
4
Let i = -20 - -77. What is the units digit of i?
7
Suppose 3*x = -12, -312 = a - 4*a + 3*x. What is the hundreds digit of a?
1
Let d = 68 + -47. Let s = 14 + -10. Suppose 5*i + 17 = -s*c, c + c + d = -5*i. What is the units digit of c?
2
Let q = 68 + -22. What is the tens digit of q?
4
Suppose 2*v = -4*w - 142, 3*v = -5*w - 125 - 52. Let y = -16 - w. What is the tens digit of y?
2
What is the units digit of (-664)/(-22) - 4/22?
0
Suppose 5*w + 3*y - 281 - 19 = 0, 2*y - 10 = 0. What is the units digit of w?
7
Let x = 4 - -68. What is the units digit of x?
2
Let l be (1 + 0 - -2) + 1. Suppose -3*j - j = -12, 2*d - 20 = l*j. What is the tens digit of d?
1
Suppose -3*v = 4*k - 121, -3*k - 5*v + 51 = -48. What is the tens digit of k?
2
Let y = -3 + 4. Suppose 5*a + y + 14 = 0. Let m(u) = u**3 + 4*u**2 - 2*u - 3. What is the tens digit of m(a)?
1
Let w(h) = -h. Let u(k) = 15*k - 35. Let g(s) = -23*s + 52. Let f(z) = 5*g(z) + 8*u(z). Let v(n) = -f(n) - 6*w(n). What is the units digit of v(-10)?
0
Suppose 84 = -l + 7*l. What is the tens digit of l?
1
Suppose 2*d = 4*d - 2. Let g(q) = q**2 + 9*q - 6. Let c be g(-10). What is the units digit of d - -3 - 0/c?
4
Let m be 6/((-5)/(10/(-4))). Suppose -6 = -m*p + 18. Suppose 2 = o, 3*o - 11 = -p*y + 3*y. What is the units digit of y?
1
Let c(n) = n**3 + 28*n**2 + 20*n - 35. What is the hundreds digit of c(-27)?
1
Let s(q) = -q**2 + 7*q - 6. Let a be s(5). Let m(f) = 3*f + 0 - f - a. What is the units digit of m(4)?
4
Let h be (12/18)/((-1)/(-6)). Suppose 0 = -h*g + 34 + 26. What is the tens digit of g?
1
Suppose 0*q - 36 = -4*q. Let a = q - 0. Suppose g = p - 2 - 1, -g = p - a. What is the units digit of p?
6
Suppose 5*t - 179 = -59. What is the units digit of t?
4
Suppose 1 = -n + 8. Let u = n - 4. What is the units digit of u?
3
Let v(f) = f**3 - 8*f**2 + 3*f + 11. Let b be v(6). Let q = -29 - b. What is the tens digit of q?
1
Suppose 68 = 2*z + 3*t, z + 4*z - 193 = 4*t. What is the units digit of z?
7
Let d(p) = -p**2 - 22*p - 29. What is the units digit of d(-20)?
1
Suppose 0 = -5*q + 1605 - 260. What is the units digit of q?
9
Let j(q) = q**3 + q**2 - 2. Let w be j(3). Suppose 2*r = -4 + w. What is the tens digit of r?
1
Suppose -5*g = 2*i - 313, -5*g + i = -2*g - 179. What is the units digit of g?
1
Let a(i) = 9*i**2 + 9*i. Let r be a(-4). Suppose 3*j - r = -j. What is the tens digit of j?
2
Suppose 2*j - 9 = 27. What is the tens digit of j?
1
Let k(w) = -w**3 + 4*w - 3. Let v be k(2). Let z be 1/v*(1 + -16). Suppose z*h = -15, -3*g + 3*h = 8*h. What is the units digit of g?
5
Suppose 0 = -4*m - 0*w + 3*w + 80, -4*m + 76 = -2*w. What is the tens digit of m?
1
Let c be 0/((-6)/2) + 6. What is the tens digit of c/9 + 31/3?
1
Let t = 10 + -6. Suppose 4*c = -c - t*r + 100, 0 = 4*c + r - 80. What is the tens digit of c?
2
Let w(v) = v**2 - v + 4. Let c be (-2)/(4/(-2))*3. Let m be w(c). What is the units digit of m*(-4)/(-5)*1?
8
Suppose 0 = -3*b - d + 51, 0 = b - 4*b + 4*d + 51. Suppose -4*a = b - 169. What is the units digit of a?
8
Suppose 0 = v + 4*v - 10. Let a(d) = 2*d**2 - 3*d. Let b be a(v). What is the units digit of (2 - -4)/(b/1)?
3
Suppose -5*y = 8*s - 4*s - 139, 5*s = 4*y + 225. What is the units digit of s?
1
Suppose 5*b = -n + 62, 3*n - 5*b - 97 - 9 = 0. What is the units digit of n?
2
Suppose 22 - 6 = -4*r. Let g(u) = u**3 + 4*u**2 - u + 4. What is the units digit of g(r)?
8
What is the units digit of 1/1 + (-178)/(-2)?
0
Let a = 8 + 3. What is the units digit of a?
1
Let m(s) = -s**2 + 13*s + 3. Let b be 73/6 + 1/(-6). What is the units digit of m(b)?
5
Let q = 95 + -48. What is the tens digit of q?
4
Let o(a) = a + 38. What is the tens digit of o(-7)?
3
Let y = -1 - -1. Let d be -6*(41/3 - y). What is the units digit of 6/(-12) - d/4?
0
Let j = 24 + -18. What is the tens digit of 37/2 + 3/j?
1
Let c = 7 - 4. Suppose -b - a = -15, b + c*a = -3*b + 65. What is the tens digit of b?
2
Let h(t) = 63*t**2 - 6*t - 10. What is the units digit of h(-2)?
4
Let x be 418/10 + (-6)/(-30). Suppose 2*l + 3*u - 8 = 8*u, -4*l - 3*u + x = 0. What is the units digit of l?
9
Suppose -4*u = -70 + 14. What is the units digit of u?
4
Let h be (-2 - 4)/(6/4). Let y(c) = c**3 + 5*c**2 + c - 2. What is the units digit of y(h)?
0
Suppose -5*i - l = -10*i + 14, -l + 1 = 0. Suppose -i*f + 56 = f. Let g = f - 6. What is the units digit of g?
8
Let i = 69 + 138. What is the units digit of i?
7
Let x(k) = k + 4. Suppose 2*f + 4*n - 10 = 4*f, 3*f - 4*n + 5 = 0. Let c be x(f). Suppose -d + 2*w - 7 = 0, 3*d + 0 = 3*w - c. What is the units digit of d?
1
Let j be ((-2)/(-2) + 21)/(-1). What is the units digit of -4*(1 - j/(-8))?
7
Let 